r of l and 24.
24
Suppose -3*d + 429 = -0*d. Suppose 7 = 3*h - 4*i - 7, -5*h - 5*i = 0. Suppose -9 = -h*m - 1, 3*m + 1 = w. Calculate the greatest common divisor of d and w.
13
Suppose -2*r = -5 + 1. Suppose 136 = r*z - 2*y, -3*z + 2*y + 202 = -2*y. What is the greatest common divisor of z and 10?
10
Let k = 2 - -19. What is the highest common divisor of k and 189?
21
Let o = 166 + -1. Suppose -3*k - 15 = -4*k. Calculate the highest common factor of o and k.
15
Let u = 9 + -7. Suppose -5*s = u*m - 4*m + 54, 4*m + 4*s = 108. Calculate the highest common factor of m and 18.
9
Let b(v) be the third derivative of -v**4/24 - v**3/6 - 2*v**2. Let u be b(-5). Let f = 16 + -12. What is the greatest common factor of f and u?
4
Let t be (-1)/(-2)*(-1)/((-6)/48). What is the highest common divisor of t and 16?
4
Suppose -h + 8 = -4. Calculate the highest common divisor of h and 30.
6
Suppose 0 = 4*t + l - 40 - 32, -5*t + 90 = -4*l. What is the highest common divisor of 162 and t?
18
Let r(a) = -2*a**3 - 13*a**2 + 6*a + 1. Let u be r(-7). What is the highest common factor of 64 and u?
8
Let s = 184 + 95. What is the greatest common factor of 31 and s?
31
Let w be (-6)/51 + 140/34. Suppose -w*f + 193 = -10*z + 5*z, 3*f = 2*z + 136. Calculate the greatest common factor of 6 and f.
6
Let o be (2*1)/((-4)/(-76)). What is the highest common divisor of 57 and o?
19
Let h(r) = r**3 + 9*r**2 - r - 5. Let w be h(-9). Calculate the highest common factor of 4 and w.
4
Let l = 680 - 329. Calculate the highest common divisor of 39 and l.
39
Suppose -y - 15 = -7. Let q be (-4)/y*1*34. Suppose 3*g - 4*h - 30 - 41 = 0, -5*g - 2*h = -75. Calculate the highest common factor of q and g.
17
Suppose -10*b - 300 = -16*b. Calculate the highest common factor of 20 and b.
10
Let j(u) = -u**2 - 8*u - 1. Let k be j(-7). Let y be (26/4)/(4/32). Let q = y + -22. What is the greatest common factor of k and q?
6
Suppose y + 0*y = 0. Let j = y - -6. What is the greatest common divisor of j and 9?
3
Let f = 105 - 48. Suppose 0*q = 3*q - 57. Calculate the greatest common divisor of q and f.
19
Suppose -w = 5*x - 277, -5*x - 3*w - 2*w = -285. Calculate the highest common factor of x and 11.
11
Let r(o) = 3*o**3 + 4*o**2 + o - 2. Let p be r(2). Calculate the greatest common divisor of p and 100.
20
Suppose -2*o - 54 = 2*i - 6*i, 2*i - 12 = -2*o. Let d be (-2)/4*(-22 - 0). Calculate the highest common divisor of i and d.
11
Let a(x) = -7*x - 7. Let r be ((-6)/(-4))/(2/(-8)). Let m be a(r). Let v = m + 33. Calculate the highest common factor of 17 and v.
17
Let i = 10 - 10. Suppose 0 = 4*j - i*j - 24. Calculate the greatest common divisor of 66 and j.
6
Suppose 0 = -4*t + u + 35, 0 = 5*t + 2*u - 44 + 10. Let y(h) = h**2 - h - 4. Let m = 11 - 8. Let s be y(m). What is the highest common factor of t and s?
2
Suppose -6*a + 10 = -4*a. Let m = -18 - a. Let x = m - -35. Calculate the highest common factor of 36 and x.
12
Suppose -i + 5*p = -10, 3*i + 4*p + p = 10. Suppose n - 2*n = 4*x - 9, 0 = n - 3*x + 5. Let c = 11 - n. What is the highest common divisor of i and c?
5
Let y = 313 - 185. Calculate the highest common factor of 8 and y.
8
Suppose 0 = -2*i + z + 135, -4*i = -3*z - 210 - 55. Calculate the highest common factor of 175 and i.
35
Suppose -43 - 7 = g. Let n = 99 + g. Calculate the greatest common divisor of n and 7.
7
Let i = -43 + 87. Calculate the highest common factor of 110 and i.
22
Suppose -2*k + 3*a + 13 = 0, 5*k - 5*a = -0*a + 25. Suppose -k*g + g = -6. What is the highest common factor of 42 and g?
6
Let d = 166 + -98. Calculate the highest common factor of 102 and d.
34
Suppose -5*k + 7 = -4*k. What is the highest common divisor of k and 21?
7
Let y(f) be the first derivative of -f**4/4 + 2*f**3 + f**2 + 1. Let p be y(3). Let l = p + -13. Calculate the greatest common divisor of l and 20.
20
Suppose -2*c = 2*k, 20 = -c + 5*k - k. Let u be c/(-8) + 10/4. Suppose u*y - y = -3*a + 36, 5*a = 2*y + 44. What is the greatest common divisor of 110 and a?
10
Suppose -3*k + 4*x = -58, x - 13 - 25 = -3*k. Let i be k/4 + (-5)/10. Calculate the greatest common factor of i and 24.
3
Let b be 56/(-12)*(0 + -3). Calculate the highest common factor of b and 7.
7
Let y be -12*((-42)/(-4))/(-3). Calculate the greatest common divisor of 6 and y.
6
Suppose -42 = -0*a - 2*a. What is the highest common factor of a and 3?
3
Let v = 413 - 242. Calculate the highest common divisor of 19 and v.
19
Let j(f) = -f**2 + 5 - 8*f**3 + 43*f**3 + 3*f - 6*f. Let g be j(2). Calculate the greatest common factor of 25 and g.
25
Let h(l) = -l - 9. Let c be h(-12). Suppose -2*f = -c*f. Suppose 4*d - 3*d - 22 = f. What is the highest common factor of d and 11?
11
Let x(y) = 15*y**2 - 4*y + 1. Let n be x(-3). Suppose 2*b = 3*q + 6*b - 232, n = 2*q + b. Calculate the greatest common divisor of q and 9.
9
Let i(a) = 4*a**2 - a**2 + 2 - 10*a + 2. Let g be i(9). Let r = g + -94. Calculate the highest common divisor of 7 and r.
7
Let h be (0/3)/(0 + 1). Suppose h*m + m = 8. Calculate the highest common factor of m and 20.
4
Let m(q) = -q**2 - 8*q + 3. Let u be m(-3). Suppose 0 = 2*f - 26 + 2. Calculate the highest common factor of u and f.
6
Suppose 16 = 2*t - 0*t. Let p = 11 - t. Suppose 2*v = -p*v + 30. Calculate the greatest common divisor of 6 and v.
6
Let t(y) = -21*y. Let l be t(-2). Let f be 0*2/(-4) - -10. Let r = l - f. Calculate the greatest common divisor of 48 and r.
16
Let o be 2 + 11 - (-5 - -5). Let q = o - -7. Calculate the highest common factor of q and 50.
10
Suppose 0 = -q + 3 + 12. Calculate the greatest common divisor of q and 135.
15
Suppose t = 2*t + 6. Suppose 0 = -i + 6 + 2. Let h = i - t. What is the highest common divisor of h and 126?
14
Let h = -334 + 470. Let k = 27 - 10. Calculate the greatest common factor of h and k.
17
Let x = 10 - 16. Let n be (-13 + 3)/((-4)/6). Let y be n/x*(-34)/5. Calculate the highest common factor of y and 17.
17
Let b = -8 + 11. Let v(j) = -5*j + 5. Let o be v(7). Let l = -21 - o. Calculate the highest common divisor of b and l.
3
Suppose -12 = -19*g + 13*g. Suppose 3*t = -w + 1, 2 = t - w - 5. Calculate the greatest common divisor of t and g.
2
Suppose 0*u + 2*u - 126 = 0. Let y be (12 - -1) + 7 + -11. Calculate the highest common factor of y and u.
9
Let f(u) = u**2 + 2*u - 1. Let t be (-6)/4*2/(-3). Let p be t/4 + (-11)/(-4). Let b be f(p). What is the highest common divisor of b and 7?
7
Suppose -37 - 3 = -5*o. Let m(k) be the first derivative of 3*k**2/2 - 10*k - 1. Let g be m(o). What is the greatest common divisor of g and 112?
14
Let l = 72 + -51. Let t = 6 + -3. What is the highest common factor of t and l?
3
Suppose -26 = -2*o - 3*o + 3*p, o = 5*p - 8. Suppose 4 = -4*u - 0, u - o = -4*m. Let f be 2 + (2 + m)*1. What is the greatest common divisor of 15 and f?
3
Suppose -6*m + 8 = -2*m. Suppose 2*r = -m - 4. Let h = r - -8. What is the highest common divisor of 20 and h?
5
Let f = -12 - -17. Suppose f*w - 3*h + 185 - 781 = 0, 127 = w + 2*h. What is the highest common divisor of 11 and w?
11
Let v be 2/6 - (-130)/15. Calculate the highest common factor of 45 and v.
9
Let t = -73 + 49. Let z be (t - (2 + -2))*-3. Calculate the highest common divisor of z and 9.
9
Let k(y) = -y + 5. Let h be k(4). Let f be (2 + (1 - 2))*h. Let p be (-9)/(54/57 - f). What is the highest common factor of 19 and p?
19
Suppose -2*b + b - 287 = -3*u, 191 = 2*u - b. Calculate the highest common divisor of u and 24.
24
Let a be (-8)/(-3) - 4/(-12). Let i = a + -2. Let s be (i - 0)/((-4)/(-8)). What is the greatest common divisor of 1 and s?
1
Suppose -4*c - 111 = -3*z, 2*z - 75 = -0*c + 3*c. Calculate the highest common divisor of 88 and z.
11
Let q = 3 + -1. Suppose 17 = -q*w + 3*w. Calculate the highest common factor of w and 187.
17
Let f be (-3)/(-12) + (-21)/(-12). What is the greatest common factor of f and 10?
2
Suppose 18 = 2*k + k. Let a be 1/(-3) + 14/k. Let z be a*(-2)/((-12)/21). Calculate the highest common factor of 49 and z.
7
Let l(s) = -s**3 - 11*s**2 - 12*s - 9. Let p be l(-10). Suppose -5*t = -499 - 106. Calculate the highest common factor of p and t.
11
Let z = 6 - -28. Suppose -3*i = -4*k + z, -4*i - 4*k - 10 = -2. Let s be ((-9)/i)/(1/18). Calculate the gre